the prime factors of u?
2, 3
Suppose 0 = 5*b + 2*c - 2, -c - 14 = 3*b + 4*c. Let d be (-12)/b - 0/1. Let w = d + 8. What are the prime factors of w?
2
Let q(v) = -v**3 + 8*v**2 - 7*v + 10. Let r = 16 - 11. Let g = r - -2. List the prime factors of q(g).
2, 5
Let h(v) be the first derivative of 44*v**2 + 1. Let n be h(1). What are the prime factors of (1/(-2))/((-4)/n)?
11
What are the prime factors of (280/(-21))/(1/(-3))?
2, 5
Let f(r) = -2 + 15*r + 2. Let h be f(-3). What are the prime factors of h/(-6) + (-1)/(-2)?
2
Let d = -4 - -7. Suppose -2*y + 18 = x - d*x, 3*x = 2*y - 15. List the prime factors of y.
2, 3
What are the prime factors of (7 - (0 - -2)) + 215?
2, 5, 11
Let f(i) be the second derivative of -i**4/3 + i**3/6 + i. Let z be f(1). Let o = 2 - z. List the prime factors of o.
5
Let w be 1 + (-3 - 0)/(-1). Suppose w*o = 10 + 10. List the prime factors of o.
5
Suppose 7*n + 185 = 521. List the prime factors of n.
2, 3
What are the prime factors of (3/(-18)*2)/((-3)/1071)?
7, 17
Suppose -8*b + 431 = -2121. What are the prime factors of b?
11, 29
Let o be (4*2 - -2) + 1. Suppose m = -o + 60. List the prime factors of m/4 + (-5)/20.
2, 3
Let k(v) = -2*v + 13. What are the prime factors of k(-6)?
5
Let v = 23 + 96. Let f be (2 - 2)*(-4)/(-4). Suppose f = -4*z + v - 35. List the prime factors of z.
3, 7
Let i = 81 - 31. What are the prime factors of ((-10)/(-2))/(10/i)?
5
Let p(j) = j**2 + 5*j + 9. What are the prime factors of p(-12)?
3, 31
What are the prime factors of (48/(-36))/((-2)/243)?
2, 3
Let f(y) be the second derivative of -y**4/12 + y**3 - y**2/2 - y. List the prime factors of f(4).
7
Suppose -b - 3 = -2*b. Suppose 0 = 4*s + 4*q - 148, -b*s + 5*q = 4*q - 119. What are the prime factors of s?
3, 13
Suppose 100 = 2*o + o + 4*h, 3*o + 2*h - 110 = 0. Suppose -2*q - 8 + o = 0. List the prime factors of q.
2
Suppose z = -4*z + 50. Let o(t) = t + 7. Let y be o(9). Let s = y - z. What are the prime factors of s?
2, 3
Let l be 1772/36 - 2/9. Let a = l - 30. List the prime factors of a.
19
Suppose -71 + 25 = -2*l. What are the prime factors of l?
23
Suppose 3*f + 6 = 0, n - f = f + 1. Let p(q) = -6*q + 2. List the prime factors of p(n).
2, 5
Let f = 8 - 2. What are the prime factors of f?
2, 3
Let z(g) = 0 - 3 - 3 - 2*g. Let n be z(-5). Suppose -n*y = -2*y - 26. What are the prime factors of y?
13
Let a = 13 + -13. Suppose -3*r + 28 = 2*x, 5*r + a*r - 48 = -4*x. What are the prime factors of r?
2
Suppose 0 = -5*t - 3 - 7, -5*t + 2 = 3*w. Suppose -9 = -w*g + g. What are the prime factors of g?
3
Let g = 80 + 117. List the prime factors of g.
197
Suppose y - 19 = -4*l, 7*y - 3*y + 5*l = 43. What are the prime factors of y?
7
Let o(s) = s - 8. Let r be o(10). What are the prime factors of (9/2 - 3)*r?
3
Suppose 35 = 5*o - 0. List the prime factors of o.
7
Let n be 1/((-4)/168) - 2. Let m = n + 74. What are the prime factors of m?
2, 3, 5
Let q(s) = s**2 - 3*s - 5. Let r be q(4). Let g be r/(-4) - (-21)/12. Suppose v - g = -0. What are the prime factors of v?
2
Let f be 7/3 - 18/54. What are the prime factors of (-3 - -25)/(1/f)?
2, 11
List the prime factors of (15/10)/((-12)/(-488)).
61
Suppose 10 = -3*u + 61. List the prime factors of u.
17
List the prime factors of (-12015)/(-165) - 2/(-11).
73
Suppose -3*a - 280 = -11*a. What are the prime factors of a?
5, 7
Let d = -12 - -29. Let b = 20 - d. List the prime factors of b.
3
List the prime factors of ((-9)/(45/10))/(-1) + 202.
2, 3, 17
Let b = 61 + 46. What are the prime factors of b?
107
Suppose -2*v + 1 = 3*g + 2*v, -3*g - 1 = 5*v. Suppose -1 + 22 = g*b. List the prime factors of (b/(-3))/(2/(-6)).
7
Suppose 0*d + d = 0. Suppose 4*x - x = d, -2*o = 4*x + 20. What are the prime factors of ((-15)/o)/((-1)/(-2))?
3
List the prime factors of ((4 - 1) + -23)*-1.
2, 5
Let k = 18 + -18. Suppose 5*z + 78 = 4*j, k*z + 82 = 4*j - 3*z. What are the prime factors of j?
2, 11
Let g = 18 - 11. Suppose 3*o + 2*n - 34 = 13, -5*n + g = o. What are the prime factors of o?
17
Suppose u - 19 - 57 = 0. Suppose v - u = -3*v. What are the prime factors of v?
19
Let a = 6 + -5. Let w be 0/a + 2 + 0. Suppose -4*n + 54 = w. What are the prime factors of n?
13
Let w(y) = 4*y**2 + 4*y - 9. What are the prime factors of w(-6)?
3, 37
Let f(r) = r**3 - r**2 + 1. Suppose -h + 4 = 0, -n + 3 - 1 = -h. Suppose -n*q = -3*q - 6. What are the prime factors of f(q)?
5
Suppose -8*w = b - 3*w - 55, -5*b - 3*w = -275. List the prime factors of b.
5, 11
Let p(j) = j**2 - 5*j + 7. Let k be 9/4*24/9. Let v be p(k). Let h = 25 - v. List the prime factors of h.
2, 3
Let m(r) = 27*r - 12. List the prime factors of m(4).
2, 3
Suppose -3*m - 29 - 19 = 0. Suppose -5*l - 39 = -9. What are the prime factors of 2/(-3) + m/l?
2
Suppose 68 - 16 = 2*l. What are the prime factors of l?
2, 13
List the prime factors of (-6)/(-8) + (721/4 - 3).
2, 89
Suppose 268 = -3*d + 5*d. List the prime factors of d.
2, 67
Let j(b) be the third derivative of -b**6/720 + b**5/120 - b**4/12 - 2*b**2. Let h(g) be the second derivative of j(g). List the prime factors of h(-6).
7
Let l = -4 - -15. Let y = 13 - l. List the prime factors of y.
2
Suppose 40 = 4*z - z + 5*v, -3*z - v + 56 = 0. What are the prime factors of z?
2, 5
What are the prime factors of (-4 + 810/12)/(1/2)?
127
Suppose -2*p + 4*p = -6. Let m(h) = -3*h**2 - 2*h + 1. Let v be m(p). Let i = -3 - v. List the prime factors of i.
17
Suppose -2*p + 8 = 4. Suppose p*c - 4 - 4 = 0. Suppose -c*z - 3 + 19 = 0, 36 = 2*r + 5*z. What are the prime factors of r?
2
Let r(a) = 1 - 3 + 0*a**2 - 3*a**2 + 4*a**2 - 4*a. Let g be r(6). Suppose i - 4*c + 3 = -g, -22 = -2*i - 4*c. List the prime factors of i.
3
Suppose -2*a + 764 = 2*a. List the prime factors of a.
191
Suppose 3*m - 2 = 1. What are the prime factors of m*2/(-4)*-26?
13
Suppose -2*h + 0*q + 3*q + 45 = 0, -4*q + 78 = 5*h. What are the prime factors of h?
2, 3
Suppose -4*l - 3 + 103 = 0. Let j = l + 5. What are the prime factors of j?
2, 3, 5
Suppose -10 = -5*u, -4*p + u + 0*u = -146. List the prime factors of p.
37
List the prime factors of -4 - 2 - -3 - -7.
2
Let a = 9 + 78. List the prime factors of a.
3, 29
Let a(b) = b**2 + 3*b + 6. Let w(r) = 2*r**2 + 3*r + 7. Let j(o) = -3*a(o) + 2*w(o). What are the prime factors of j(-4)?
2, 3
Suppose -3*i + x = -15, 2*i - 5*x = 3*i + 11. Let l(t) = -5*t + 3. Let f be l(-3). Suppose -i*n = -14 - f. List the prime factors of n.
2
Let b be (-213)/15 + 2/10. What are the prime factors of (48/b)/((-6)/42)?
2, 3
Suppose v + 8 = 4*a - 8, 4 = v. Let p(t) = -t**2 + 4*t + 7. What are the prime factors of p(a)?
2
Suppose -2*p = 9 + 5. What are the prime factors of ((-10)/(-4))/(p/(-84))?
2, 3, 5
Let a be 9 - 4 - (0 + -1). Let d be -1 - (-15 + a/3). Suppose 5*s + d - 62 = 0. List the prime factors of s.
2, 5
Let n(q) = -q**3 + 9*q**2 - 9*q + 11. Let g be n(8). What are the prime factors of (15/g + -2)*7?
3, 7
Let j(g) = 28*g**2 + 2*g - 1. What are the prime factors of j(1)?
29
Let v(i) = -4*i**3 + 9*i**3 + 10 - 8*i**2 - 4*i**3. What are the prime factors of v(8)?
2, 5
Let x(h) be the third derivative of h**5/60 + h**4/24 - 2*h**3/3 - 2*h**2. List the prime factors of x(3).
2
Suppose -i + 2 = -3*i. Let u be 1 - i - 0/(-1). Suppose -29 = -5*y + 2*s, -u*y + 3*s + 1 = -4. List the prime factors of y.
7
Let f = 1 - -1. Let g(u) = -u - 1. Let x be g(-1). Suppose x = f*p - 23 + 5. What are the prime factors of p?
3
Let f(d) = d**3 + 7*d**2 + 6*d + 6. Let s be (4/8)/(1/(-12)). Let v be f(s). What are the prime factors of (-15)/(-2) + v/(-4)?
2, 3
Let p(t) = t**3 - 3*t**2 - 6*t. Let q be p(5). Let o = q - 9. What are the prime factors of o?
11
Let s = 8 + 8. Suppose -i + 10 = -t, 4*i - 2*i - 4*t = s. List the prime factors of i.
2, 3
Let g(v) = v - 6. Let y be g(6). Suppose y*u + 14 = u. List the prime factors of u.
2, 7
Suppose w = 1 + 3. Suppose -3*m + 19 = w. Suppose -3*u + m*k = -7, -3*u + 13 = -u + 5*k. What are the prime factors of u?
2
Let n(t) = t - 5. Let j be n(10). Suppose 12 = l + j*h - 0*h, 4*h - 14 = -3*l. Let b = l - -2. List the prime factors of b.
2
What are the prime factors of ((-94)/(-3))/((-4)/(-6))?
47
Let b = 11 - 15. Let q be (-6)/b + (-2)/(-4). Suppose -r - 7 = -q*z + 14, 4*r + 51 = 5*z. List the pr